ppose y*z = 106 + 13400. Is z a composite number?
False
Let h = -4692 - -1689. Let q be h/4 + 12/(-48). Is 4/2*q/(-2) composite?
False
Let t = -6383 + 9400. Let p = t - 1968. Is p a composite number?
False
Let d(c) = -3*c - 6. Let m(j) = j + 1. Let i(k) = -8*k + 25. Let r(a) = -i(a) - 6*m(a). Let y be r(8). Is d(y) a prime number?
False
Let v = -47 - -68. Let w be 6*1 - (-2)/((-14)/63). Is 7638/7 + ((-66)/v - w) a composite number?
False
Let q = -140 - -12591. Is q prime?
True
Let m(s) = s**3 + 11*s**2 + 9*s - 8. Let u be m(-10). Suppose -6*w + 28 = -u*w. Suppose -x - w*n + 3*n + 247 = 0, -3*x + 5*n = -741. Is x a prime number?
False
Suppose -4*z = -16, 0*z = -y - 5*z + 32. Let c be 21/((3/y)/(7/(-28))). Is 6825/6 + (-2 - c/6) a composite number?
True
Let s = 171169 + -24588. Is s prime?
True
Is (5 - -221)*4/(-24)*-93 a prime number?
False
Let c(a) = -a**3 + 6*a**2 + 13*a + 37399. Is c(0) prime?
False
Suppose 3*s - 985 = -s - g, s - 253 = 2*g. Suppose 141147 = s*x - 238*x. Is x prime?
True
Let j = 6341 + -2128. Is j prime?
False
Let p = -152977 + 256250. Is p composite?
True
Let f = -132 + 221. Let v = 91 - f. Is v*(-3)/4 - (-221)/2 composite?
False
Let k = 5 - -29. Let p(w) = k + 11 + 115*w - 33*w. Is p(13) a composite number?
True
Let g = -754772 - -1214821. Is g a prime number?
False
Let g = 198340 - -147039. Is g a prime number?
True
Is (-2 - 0)*3/(54/(-1419597)) a composite number?
False
Suppose -y - 6*s = -4*s - 500447, -4*y = -2*s - 2001788. Is y a prime number?
False
Suppose -33*g = -17*g - 928. Is 3 + ((-87)/g)/((-6)/14192) composite?
True
Let v be (3 - (-45)/(-25))*(-15)/3. Is (v + -43)*-31 + 3 + 1 composite?
False
Let f be ((-16)/(-6) + -3)*0. Let s be (f - (0 - -1)) + (-147 - -2). Is 0/4 + -3 - s a composite number?
True
Let v = 617 - 620. Is 6 + (121*-51)/v a prime number?
True
Suppose -11916*j + 26874 = -11890*j - 3364. Is j prime?
True
Let f(b) = -485*b - 118. Let g be f(-25). Let o = g - 6000. Is o a prime number?
True
Let v be (-443)/7 + 6/21. Let x = 64 + v. Is (x/(-3))/((-4)/15396) a prime number?
True
Suppose 5*d + d + 1243233 = 15*d. Is d composite?
True
Suppose -y + 5*y - 5272 = 0. Let m be 2094/(-3)*(-21)/14. Suppose -3*d - 5*f + m = d, 0 = 5*d - 3*f - y. Is d a composite number?
False
Suppose 3*y = -0*y - 6. Let v = y + 7. Suppose 0 = -v*x - 5*q + 1650, q + 333 = x - q. Is x a composite number?
False
Suppose -11*o - 130009 = -25377. Let u = o + 15465. Is u a prime number?
True
Suppose -8*x - 504324 = -5*a - 7*x, 4*x + 100861 = a. Is a prime?
False
Suppose 226053 = 5*o - 2*l, 5*l + 0*l = 3*o - 135628. Is o a composite number?
True
Let q = 85 - 66. Suppose -15421 = -26*d + q*d. Is d prime?
True
Let p(w) = -32*w**3 + 9*w**2 - 5*w + 45. Is p(-12) a composite number?
True
Suppose 19*u = -12*u + 31. Suppose i + 3 = 2. Is ((-10)/(-10))/((i/(-111))/u) prime?
False
Suppose 58*b + 4*b + 6*b - 6221932 = 0. Is b composite?
False
Let o be 2/(2 + (-64)/34). Let a = 14026 + -8528. Suppose -19*z = -o*z - a. Is z a composite number?
False
Let b be 4870*(-2 + -1)/3. Let d = 3157 + b. Let i = d - -2930. Is i prime?
True
Suppose -19*j + 598105 = 127456. Let i = j - 13190. Is i prime?
False
Suppose 139864 - 494668 = -12*w. Is w a prime number?
True
Suppose 105*s - 2767100 - 128905 = 0. Is s a composite number?
False
Let x(k) = 6*k**2 + 31*k + 630. Is x(43) prime?
False
Let p(l) = -10*l + 22. Let c be p(2). Suppose -29 = -c*t - 27. Is 2/(-5) - (t + (-17472)/5) prime?
False
Let h(f) = f**3 + 4*f**2 - 7*f - 8. Let w be h(-5). Suppose -v - 2208 = -4*m, 2*m - 1114 = -w*v + 5*v. Is m composite?
True
Let z = -5 - -10. Suppose -2597 = -2*h - 3*n, -z*h = -7*n + 3*n - 6435. Is h a composite number?
False
Suppose 0 = 9*q - 11*q + 22066. Let x = q - 7542. Is x a composite number?
False
Is (26107115/2015)/(2/26) prime?
True
Let t = -8133 + 12742. Is t a prime number?
False
Let n(x) = 68*x**2 + 12*x - 3. Let f be n(6). Suppose d + 2*a - f = 0, 0*d + 4*a = 5*d - 12613. Is d composite?
False
Suppose -107*g + 104*g = 4962. Let d = -575 - g. Is d a composite number?
True
Let n be 4 - 2758 - (-2)/(-6)*9. Is (n/(-6))/(14/28) a prime number?
True
Suppose 0 = 2*i - 5*o - 99642 + 19101, -4*i = 2*o - 160998. Is i a composite number?
False
Let g be 2/15 + 21 + 457904/120. Let o(s) = -95*s**2 - 3. Let j be o(5). Let p = g + j. Is p composite?
False
Let v be (-8)/(-6)*1 + (-8)/(-12). Suppose -v*a = 27 + 23. Is a/(-250) + (-6729)/(-10) composite?
False
Let m(s) = -20*s**2 + 7*s - 5. Let o(w) = 41*w**2 - 14*w + 10. Let v(l) = -13*m(l) - 6*o(l). Let t be ((-2)/(-4))/((-1)/(-8)). Is v(t) composite?
True
Suppose -2*z + 8 = -2. Suppose z*y - m - 3172 = 0, -226 = -y - 3*m + 402. Let w = y + 28. Is w a composite number?
True
Suppose -p = 5*s + 29, 0 = -s - 3*s + 3*p - 27. Is (s + 2)/((48/89538)/(-2)) prime?
True
Suppose -7*v - 10 = 3*v. Let u be (-1)/v*(-5958)/3. Let p = u + 4203. Is p composite?
True
Suppose -10*d - 15413365 = -65*d. Is d a prime number?
True
Suppose -4*o - 249 = -3*r + 54, -1 = -r. Let y be (156/o)/(4/(-20))*145. Suppose 13*u - y = 7241. Is u composite?
False
Suppose 7333 + 87595 = -88*l + 21536. Let n(d) = 12*d**3 + 5*d**2 - 5*d + 5. Let t be n(5). Let v = l + t. Is v a composite number?
True
Suppose -2*x + x = 4*o - 49, -4*x + 252 = 2*o. Is 78/x + 3479/5 a prime number?
False
Suppose -653097 = -16*m + 676199. Is m a composite number?
True
Let f = -1 - -1. Let a = 3877 + -3873. Suppose -5*v + 2687 = -f*i + a*i, 2*i - v - 1347 = 0. Is i prime?
True
Let q(b) = -7 - 62037*b**2 + 31011*b**2 + 31199*b**2. Let h(o) = -5*o**2 + 2*o - 1. Let c be h(1). Is q(c) a composite number?
True
Suppose -3243175 = -14*y - 598449. Is y a composite number?
True
Let v(s) = 1735*s - 3001. Is v(68) prime?
False
Suppose -9*a + 8 = v - 4*a, -5*v - 4*a + 145 = 0. Let w = v - 31. Is (-1*(-2 - -4))/(w/(-22)) prime?
False
Let b(y) = 221*y + 109. Let k(n) = -n**3 + 7*n**2 - n - 16. Let t be k(6). Is b(t) a prime number?
True
Suppose 0 = -6*m + 6 + 6. Suppose -2*c + 3371 = 5*u, -m*u + 5*c - 2*c = -1356. Suppose -w - 2*z = -4*w + u, 0 = 4*z + 12. Is w prime?
True
Let h(i) = 16 - 9 - 11 - 4*i - 13. Let v be h(-5). Suppose 0 = -g - v*w + 21 + 214, g + 4*w = 239. Is g prime?
True
Suppose -4*t - 3*c + 116 = c, 87 = 3*t + c. Let m = 31 - t. Suppose 3*f - 5531 = 2*z, m*f - 3*z = -f + 5526. Is f a composite number?
False
Suppose -21*x = 75*x - 61216416. Is x prime?
False
Let k = -21466 - -21467. Let s(j) = j. Let p(b) = 258*b - 2. Let n(c) = p(c) - 2*s(c). Is n(k) a composite number?
True
Suppose 0 = -b - 2, 208*f = 213*f - 2*b - 556589. Is f a composite number?
False
Let l = 354606 + -137083. Is l a composite number?
True
Let g(z) = -7*z**3 - 5*z**2 + 25*z + 40. Let n be g(-16). Let f be n/10 - (-6)/30*-1. Let t = f + -1390. Is t a prime number?
False
Suppose -10*o + 21532 = -8*o. Suppose -o = -3*s + 3574. Suppose s = 8*c + 572. Is c composite?
True
Let d be (8318/(-8))/((-3)/12). Suppose 0 = 3*f + 2*k + 6294, -2*f - 30*k + 33*k - 4209 = 0. Let j = d + f. Is j a composite number?
True
Let z(y) = -16*y - 116. Let o be z(-6). Let v(c) = -157*c - 21. Is v(o) a prime number?
True
Suppose -9*s + 117 + 9 = 0. Suppose 3*h - 30 = -3*l, -18 = -3*h - 2*l + s. Suppose -h*x + 13*x - 538 = 0. Is x a composite number?
True
Let m be (-75777)/203 - (-2)/7. Let s = 3536 + m. Is s composite?
False
Let l = 18269 - -40820. Is l a composite number?
True
Suppose -x - 40 = -2*y + 18, -56 = -2*y + 2*x. Let r be (79/(-1))/((-5)/y). Suppose -320 - r = -2*d. Is d a composite number?
False
Is (309044/(-7))/((-32)/112) a prime number?
False
Let s = -511731 - -730304. Is s prime?
False
Suppose -2*d + 2*b = -276492, 94*b = -5*d + 93*b + 691188. Is d prime?
True
Let w be (1*2)/(1 + 15/(-25)). Suppose 9*x = 14*x + w. Is -6 + 29 - (-1 - x) a prime number?
True
Suppose -86667 = -7*s + 8596. Suppose -3*u + 74331 = -5*y + s, 0 = -u + y + 20244. Is u a prime number?
True
Suppose r - 152905 = -2*p, -2*r - p + 290754 = -15062. Is r a prime number?
True
Let r(u) = 145*u**2 - 3*u + 89. Let k be r(-12). Suppose -y + 2*o + 4201 = 0, 5*y - 6*o + 2*o = k. Is y prime?
True
Is (3902027/17)/(2/2) composite?
True
Let i = 2171 + 2418. Let w = i + -2778. Is w prime?
True
Let y(m) = m**2 - m - 25. Let b = -49 - -55. Let t be y(b). Suppose 5